227?
55
Calculate the remainder when 347044 is divided by 436.
424
What is the remainder when 1003156 is divided by 3755?
571
What is the remainder when 189585 is divided by 23689?
73
What is the remainder when 58439 is divided by 19314?
497
What is the remainder when 626269642 is divided by 28?
26
Calculate the remainder when 1483811 is divided by 2.
1
Calculate the remainder when 55964096 is divided by 7575.
7571
What is the remainder when 6650411 is divided by 1974?
5
Calculate the remainder when 17291121 is divided by 739.
738
What is the remainder when 1049863 is divided by 116635?
148
What is the remainder when 132486 is divided by 6450?
3486
What is the remainder when 67888 is divided by 16401?
2284
What is the remainder when 397436 is divided by 1265?
226
Calculate the remainder when 6547412 is divided by 63567.
11
Calculate the remainder when 23957 is divided by 444.
425
Calculate the remainder when 8779180 is divided by 2073.
25
What is the remainder when 2973 is divided by 1572?
1401
Calculate the remainder when 4791022 is divided by 217773.
16
Calculate the remainder when 5692402 is divided by 153848.
26
Calculate the remainder when 129084 is divided by 2153.
2057
What is the remainder when 6185204 is divided by 73?
60
What is the remainder when 26610838 is divided by 195?
163
What is the remainder when 3160752 is divided by 3384?
96
Calculate the remainder when 89566366 is divided by 11.
10
What is the remainder when 76590 is divided by 10525?
2915
Calculate the remainder when 392465 is divided by 4171.
391
What is the remainder when 50312 is divided by 585?
2
Calculate the remainder when 19791757 is divided by 117808.
13
Calculate the remainder when 5049492 is divided by 15.
12
Calculate the remainder when 177250666 is divided by 2436.
2434
Calculate the remainder when 2503587 is divided by 834517.
36
What is the remainder when 937651 is divided by 769?
240
Calculate the remainder when 7537426 is divided by 927.
916
What is the remainder when 951036 is divided by 951027?
9
What is the remainder when 35941 is divided by 2502?
913
What is the remainder when 791376 is divided by 1599?
1470
Calculate the remainder when 18970049 is divided by 15.
14
What is the remainder when 1430414 is divided by 313?
4
Calculate the remainder when 1850406 is divided by 616800.
6
Calculate the remainder when 41774477 is divided by 436.
9
What is the remainder when 23814 is divided by 3199?
1421
What is the remainder when 70448682 is divided by 23482889?
15
What is the remainder when 637563 is divided by 10?
3
Calculate the remainder when 76169 is divided by 76032.
137
What is the remainder when 255709 is divided by 2435?
34
What is the remainder when 63313 is divided by 785?
513
What is the remainder when 595896 is divided by 22?
4
Calculate the remainder when 931877 is divided by 3678.
1343
Calculate the remainder when 1411675 is divided by 3089.
2
What is the remainder when 255658 is divided by 32?
10
What is the remainder when 10470876 is divided by 545?
336
Calculate the remainder when 34395246 is divided by 3547.
3534
What is the remainder when 366021590 is divided by 12?
2
Calculate the remainder when 81154 is divided by 24251.
8401
Calculate the remainder when 14307199 is divided by 1700.
1699
Calculate the remainder when 968064 is divided by 1147.
1143
Calculate the remainder when 88835 is divided by 2050.
685
What is the remainder when 19970828 is divided by 22?
20
Calculate the remainder when 969962 is divided by 88148.
334
What is the remainder when 3217510 is divided by 3217371?
139
What is the remainder when 1628962 is divided by 8805?
37
Calculate the remainder when 418264 is divided by 7600.
264
What is the remainder when 33635782 is divided by 1502?
1496
What is the remainder when 7108585 is divided by 207?
205
What is the remainder when 16377935 is divided by 42?
35
What is the remainder when 52870 is divided by 483?
223
Calculate the remainder when 3789496 is divided by 2650.
2646
What is the remainder when 6663 is divided by 2383?
1897
What is the remainder when 20066968 is divided by 21?
19
What is the remainder when 12503698 is divided by 6251828?
42
Calculate the remainder when 4456154 is divided by 36.
2
What is the remainder when 770297 is divided by 195?
47
What is the remainder when 969513 is divided by 107722?
15
Calculate the remainder when 4216140 is divided by 808.
804
What is the remainder when 24464901 is divided by 14?
13
What is the remainder when 91710 is divided by 751?
88
What is the remainder when 1702674 is divided by 4505?
4289
What is the remainder when 17759546 is divided by 5?
1
What is the remainder when 185746073 is divided by 663?
656
What is the remainder when 923321 is divided by 461592?
137
Calculate the remainder when 18500622 is divided by 44366.
0
Calculate the remainder when 36499004 is divided by 18249470.
64
What is the remainder when 859326 is divided by 1017?
978
Calculate the remainder when 210072956 is divided by 48.
44
Calculate the remainder when 211047 is divided by 3459.
48
What is the remainder when 2428810 is divided by 4416?
10
Calculate the remainder when 83790 is divided by 26255.
5025
Calculate the remainder when 23347 is divided by 2484.
991
Calculate the remainder when 5037744 is divided by 2252.
20
What is the remainder when 14254602 is divided by 8254?
8198
What is the remainder when 164616 is divided by 1109?
484
Calculate the remainder when 34378 is divided by 8284.
1242
Calculate the remainder when 43118 is divided by 784.
782
What is the remainder when 12591 is divided by 483?
33
Calculate the remainder when 1599329 is divided by 79.
53
What is the remainder when 210132461 is divided by 9465?
9461
Calculate the remainder when 1266825 is divided by 4414.
7
Calculate the remainder when 4647 is divided by 656.
55
What is the remainder when 11591553 is divided by 850?
103
What is the remainder when 35037363 is divided by 182?
179
Calculate the remainder when 538213 is divided by 221.
78
What is the remainder when 729759 is divided by 177?
165
Calculate the remainder when 1167711 is divided by 194611.
45
What is the remainder when 688319 is divided by 587?
355
Calculate the remainder when 253827 is divided by 1275.
102
Calculate the remainder when 490727 is divided by 23298.
1469
What is the remainder when 1545241 is divided by 772511?
219
Calculate the remainder when 66555 is divided by 3502.
17
What is the remainder when 8863972 is divided by 309?
307
What is the remainder when 26003017 is divided by 183?
181
What is the remainder when 4625598 is divided by 2239?
2063
Calculate the remainder when 9711074 is divided by 971107.
4
What is the remainder when 114852526 is divided by 57426255?
16
What is the remainder when 15661918 is divided by 80?
78
Calculate the remainder when 286849 is divided by 40823.
1088
Calculate the remainder when 1242145 is divided by 54005.
30
What is the remainder when 2199 is divided by 819?
561
Calculate the remainder when 10186879 is divided by 5093434.
11
Calculate the remainder when 108612 is divided by 60.
12
Calculate the remainder when 147064 is divided by 24489.
130
Calculate the remainder when 115761 is divided by 1866.
69
What is the remainder when 36655382 is divided by 1357605?
47
What is the remainder when 37701 is divided by 37223?
478
Calculate the remainder when 116865 is divided by 1717.
109
What is the remainder when 136999 is divided by 288?
199
Calculate the remainder when 63167655 is divided by 873.
867
Calculate the remainder when 1905586 is divided by 568.
514
What is the remainder when 619784 is divided by 754?
750
Calculate the remainder when 2375403 is divided by 791770.
93
Calculate the remainder when 70018 is divided by 4033.
1457
Calculate the remainder when 207672298 is divided by 1100.
1098
Calculate the remainder when 33766 is divided by 8425.
66
Calculate the remainder when 9637921 is divided by 4818539.
843
What is the remainder when 59396197 is divided by 50?
47
What is the remainder when 956085 is divided by 1860?
45
Calculate the remainder when 390426 is divided by 14457.
87
Calculate the remainder when 9408238 is divided by 4704115.
8
What is the remainder when 2739337 is divided by 1368625?
2087
Calculate the